4
-12
Convert -1 (base 12) to base 10.
-1
What is -2 (base 8) in base 13?
-2
Convert -2 (base 4) to base 2.
-10
What is 8 (base 16) in base 8?
10
Convert 1 (base 10) to base 9.
1
What is -3 (base 13) in base 14?
-3
-11001110 (base 2) to base 7
-413
What is -100 (base 4) in base 11?
-15
117 (base 9) to base 12
81
What is -54 (base 6) in base 3?
-1021
What is 6 (base 12) in base 10?
6
What is -12 (base 12) in base 8?
-16
-101 (base 2) to base 9
-5
24 (base 7) to base 10
18
4 (base 11) to base 8
4
What is 2 (base 3) in base 5?
2
What is -50 (base 6) in base 16?
-1e
1 (base 12) to base 10
1
What is 630 (base 7) in base 10?
315
16 (base 9) to base 10
15
10 (base 2) to base 14
2
-11 (base 4) to base 13
-5
What is 1 (base 13) in base 8?
1
Convert 9 (base 16) to base 12.
9
What is -2 (base 12) in base 2?
-10
Convert 2c (base 15) to base 13.
33
13 (base 16) to base 3
201
27 (base 16) to base 7
54
162 (base 13) to base 14
13b
4 (base 12) to base 9
4
Convert -10 (base 5) to base 2.
-101
What is -85 (base 10) in base 11?
-78
222 (base 3) to base 4
122
Convert 0 (base 13) to base 3.
0
What is -12010 (base 3) in base 16?
-8a
-1011 (base 2) to base 6
-15
What is -30 (base 5) in base 4?
-33
14 (base 13) to base 4
101
Convert -344 (base 5) to base 4.
-1203
What is 125 (base 7) in base 14?
4c
-41 (base 9) to base 5
-122
Convert 2 (base 8) to base 10.
2
What is -14 (base 11) in base 15?
-10
What is 12 (base 6) in base 7?
11
What is -8 (base 14) in base 11?
-8
Convert -6 (base 16) to base 14.
-6
-100 (base 8) to base 9
-71
What is -17 (base 11) in base 9?
-20
Convert 30 (base 4) to base 11.
11
20 (base 15) to base 4
132
What is -210 (base 3) in base 10?
-21
Convert -1d (base 16) to base 5.
-104
-3 (base 9) to base 11
-3
What is 6 (base 13) in base 6?
10
Convert -11 (base 2) to base 11.
-3
1b0 (base 12) to base 11
231
Convert -17 (base 10) to base 2.
-10001
-106 (base 15) to base 9
-276
Convert 2012 (base 3) to base 9.
65
-414 (base 6) to base 7
-310
11 (base 9) to base 4
22
Convert -4 (base 7) to base 3.
-11
What is 121 (base 3) in base 16?
10
What is 23 (base 12) in base 8?
33
Convert 6 (base 13) to base 9.
6
-1 (base 12) to base 3
-1
What is 102 (base 11) in base 12?
a3
Convert 22 (base 3) to base 10.
8
Convert 7 (base 14) to base 8.
7
Convert -131 (base 4) to base 5.
-104
-4 (base 8) to base 3
-11
Convert -7 (base 14) to base 3.
-21
-1 (base 2) to base 15
-1
Convert 34 (base 16) to base 2.
110100
Convert -541 (base 6) to base 7.
-412
What is 5 (base 9) in base 11?
5
Convert -14 (base 15) to base 8.
-23
Convert -35 (base 11) to base 6.
-102
Convert -1 (base 7) to base 3.
-1
-41 (base 8) to base 10
-33
Convert 8 (base 13) to base 16.
8
What is 1132 (base 4) in base 6?
234
Convert 2 (base 10) to base 5.
2
-113 (base 11) to base 15
-90
What is -86 (base 16) in base 10?
-134
What is 1210 (base 4) in base 13?
79
27 (base 8) to base 4
113
Convert -11 (base 3) to base 11.
-4
What is -612 (base 7) in base 13?
-1a4
What is 2101 (base 3) in base 12?
54
What is -1001 (base 3) in base 16?
-1c
What is 1 (base 11) in base 14?
1
What is 14 (base 6) in base 9?
11
What is -14 (base 8) in base 6?
-20
What is -12 (base 8) in base 15?
-a
What is 1 (base 12) in base 4?
1
13 (base 7) to base 12
a
Convert 1 (base 3) to base 4.
1
3 (base 6) to base 7
3
-3 (base 6) to base 3
-10
What is -32 (base 6) in base 8?
-24
What is 188 (base 12) in base 8?
370
Convert -1120 (base 4) to base 3.
-10021
-54 (base 6) to base 15
-24
1 (base 6) to base 13
1
Convert -15b (base 15) to base 8.
-467
What is -4 (base 15) in base 12?
-4
-2 (base 16) to base 5
-2
What is 309 (base 10) in base 9?
373
4 (base 14) to base 11
4
Convert 31 (base 9) to base 4.
130
What is 100 (base 5) in base 4?
121
Convert -21 (base 4) to base 8.
-11
Convert 11 (base 4) to base 9.
5
1b (base 16) to base 6
43
-233 (base 4) to base 15
-32
What is -3 (base 4) in base 11?
-3
1 (base 5) to base 14
1
74 (base 14) to base 11
93
5 (base 6) to base 9
5
Convert 18 (base 9) to base 7.
23
Convert 23 (base 4) to base 9.
12
What is 10 (base 5) in base 6?
5
Convert -341 (base 7) to base 3.
-20112
120 (base 6) to base 13
39
350 (base 6) to base 9
163
10 (base 2) to base 9
2
12 (base 3) to base 10
5
Convert 18 (base 10) to base 12.
16
-1 (base 14) to base 3
-1
Convert -1101111 (base 2) to base 7.
-216
Convert 21 (base 10) to base 13.
18
What is 4 (base 11) in base 3?
11
1010 (base 3) to base 15
20
Convert -2 (base 12) to base 11.
-2
Convert -38 (base 9) to base 3.
-1022
What is -1b (base 15) in base 9?
-28
What is 13 (base 6) in base 4?
21
Convert 3 (base 11) to base 9.
3
Convert -47 (base 14) to base 16.
-3f
1b (base 13) to base 16
18
Convert 5 (base 16) to base 6.
5
Convert 2 (base 15) to base 9.
2
-1 (base 10) to base 7
-1
What is 1 (base 8) in base 4?
1
Convert 1a (base 16) to base 2.
11010
What is 3 (base 4) in base 6?
3
What is -430 (base 6) in base 3?
-20000
Convert -6 (base 15) to base 12.
-6
Convert 3 (base 13) to base 15.
3
50 (base 8) to base 14
2c
What is -30 (base 5) in base 12?
-13
What is -1210 (base 4) in base 7?
-202
What is d (base 14) in base 15?
d
1 (base 7) to base 4
1
9 (base 11) to base 2
1001
What is 32 (base 8) in base 14?
1c
Convert -85 (base 9) to base 14.
-57
Convert 4 (base 10) to base 14.
4
Convert 18 (base 15) to base 13.
1a
What is 123 (base 14) in base 10?
227
-3 (base 7) to base 8
-3
What is 112 (base 7) in base 11?
53
0 (base 9) to base 5
0
Convert 1 (base 11) to base 14.
1
104 (base 13) to base 14
c5
-43 (base 5) to base 7
-32
What is -4 (base 14) in base 7?
-4
Convert -4 (base 15) to base 14.
-4
What is 1000101 (base 2) in base 16?
45
Convert -a2 (base 14) to base 13.
-ac
Convert b (base 12) to base 8.
13
What is 10 (base 5) in base 12?
5
What is 1000 (base 3) in base 7?
36
Convert 2 (base 4) to base 16.
2
Convert -101 (base 3) to base 16.
-a
What is 6 (base 10) in base 12?
6
What is -57 (base 8) in base 7?
-65
-6 (base 12) to base 11
-6
What is -102 (base 4) in base 15?
-13
Convert b (base 16) to base 5.
21
Convert 55 (base 12) to base 7.
122
What is 23 (base 7) in base 12?
15
Convert 1001 (base 3) to base 12.
24
Convert 16 (base 7) to base 5.
23
What is -2 (base 3) in base 5?
-2
What is 1 (base 11) in base 10?
1
Convert -a (base 13) to base 8.
-12
What is 413 (base 6) in base 7?
306
Convert 25 (base 15) to base 3.
1022
21 (base 8) to base 7
23
What is -13a (base 12) in base 11?
-163
-249 (base 11) to base 4
-10213
-12 (base 9) to base 13
-b
What is -52 (base 11) in base 13?
-45
-22 (base 7) to base 5
-31
Convert -c (base 16) to base 11.
-11
Convert 100 (base 15) to base 8.
341
What is 4 (base 8) in base 10?
4
What is 6 (base 9) in base 16?
6
664 (base 7) to base 15
17a
111 (base 2) to base 3
21
What is -11100 (base 2) in base 4?
-130
What is 2 (base 5) in base 15?
2
-4 (base 16) to base 7
-4
What is -2 (base 3) in base 13?
-2
What is 40 (base 13) in base 11?
48
Convert -110001 (base 2) to base 9.
-54
Convert -15 (base 11) to base 6.
-24
-201 (base 3) to base 13
-16
e (base 16) to base 4
32
What is 23 (base 4) in base 8?
13
29 (base 14) to base 2
100101
What is 65 (base 7) in base 15?
32
29 (base 11) to base 12
27
-1a (base 11) to base 6
-33
What is -3 (base 11) in base 8?
-3
31 (base 12) to base 16
25
Convert 144 (base 9) to base 3.
11111
-1 (base 6) to base 5
-1
Convert 81 (base 9) to base 4.
1021
What is 21 (base 3) in base 2?
111
3 (base 12) to base 9
3
Convert 54 (base 6) to base 7.
46
-a (base 12) to base 2
-1010
-152 (base 8) to base 10
-106
Convert 7 (base 9) to base 7.
10
-563 (base 8) to base 4
-11303
Convert -6 (base 14) to base 11.
-6
-14 (base 12) to base 9
-17
103 (base 13) to base 12
124
34 (base 10) to base 4
202
What is 74 (base 12) in base 2?
1011000
0 (base 13) to base 15
0
48 (base 9) to base 7
62
1011 (base 2) to base 15
b
Convert 26 (base 9) to base 10.
24
Convert -122 (base 4) to base 6.
-42
Convert 23 (base 4) to base 12.
b
What is -175 (base 9) in base 8?
-225
Convert 0 (base 8) to base 9.
0
Convert 11201 (base 3) to base 4.
1333
-123 (base 5) to base 13
-2c
What is -3 (base 14) in base 5?
-3
Convert -6 (base 15) to base 16.
-6
-114 (base 5) to base 12
-2a
Convert -2030 (base 4) to base 3.
-12012
Convert 2 (base 13) to base 10.
2
What is -4 (base 13) in base 12?
-4
-10 (base 4) t